/((-1)/v)?
3, 11
Let y(a) = -a**3 - 4*a**2 + 3*a - 2. Let h = -14 + 9. Let k be y(h). Let q(l) = l**3 - 8*l**2 + 2*l - 10. What are the prime factors of q(k)?
2, 3
Let i(d) = -2*d**3 + 9*d**2 - 8*d - 13. List the prime factors of i(-7).
2, 3, 5, 13
List the prime factors of 4154 - (6/10 - 66/(-15)).
3, 461
Let m(y) = -25*y**3 - 2*y**2 + 28*y + 117. What are the prime factors of m(-4)?
11, 13
Let l be (-70)/8 + 10/(-40). Let o be (-4)/(7/(21/6)). What are the prime factors of (o + -2 + l)*-5?
5, 13
Let y be 2/(-6) - (-12)/36. Let d(k) = 9*k**2 + 4*k + y*k - 6*k + k**3 - 5. What are the prime factors of d(-9)?
13
Suppose 2095 = 5*l - x, -106*l + 103*l = -5*x - 1257. What are the prime factors of l?
419
Suppose -5*y + 5 + 8 = 2*v, -2*y + 5*v = 18. Suppose -y = g + 3*q, 3*g = -5*q - 17 - 6. Let l = g + 33. List the prime factors of l.
17
Let j = 96 - 93. Suppose 2*v + a = 51, 4*v + j*a = -0*v + 105. List the prime factors of v.
2, 3
Let b be 26/5 - 4/(-5). List the prime factors of -1 - (-39 - (b - 3)).
41
Let i(t) = 6*t**2 + 88*t - 171. List the prime factors of i(-40).
19, 311
Let w(a) = -7*a**2 + 12*a - 5. Let y(g) = -10*g**2 + 18*g - 7. Let s(l) = 7*w(l) - 5*y(l). What are the prime factors of s(8)?
2
Let k be ((-8)/(-24) - (-2)/(-6))/2. Suppose k*l = -4*l + 88. List the prime factors of l.
2, 11
Let a(s) = 21*s**2 - 129*s - 1. List the prime factors of a(-5).
7, 167
Suppose -2*a = -1812 + 668. Suppose 6*h - a = 34. What are the prime factors of h?
101
Let g be 4 - -1 - (0 - 0). Suppose b + g*k + 316 = 5*b, -3*b + 3*k = -237. List the prime factors of b.
79
Let h(y) = y**2 - y - 18. Let j be h(0). Let t = j + 26. List the prime factors of t.
2
Suppose -5*o - 4*h + 6*h = -3457, -5*h + 2792 = 4*o. List the prime factors of o.
3, 7, 11
Let p(t) = 6*t**2 + t + 10. Let y be p(-5). Suppose 4*r = n - y, 0*n = 4*n - r - 695. List the prime factors of n.
5, 7
Let v(k) = 4*k + 12. Let d be v(-8). Let n be 8/(-2)*25/d. Let l = 25 - n. List the prime factors of l.
2, 5
Let q(s) = 1. Let b(v) = -v + 30. Let y(l) = -b(l) + 5*q(l). Let r be y(12). Let i = r + 22. List the prime factors of i.
3
Let m = 190 + 460. What are the prime factors of m?
2, 5, 13
Suppose -5*u - 5001 + 16121 = 0. List the prime factors of u.
2, 139
Suppose -4 = -2*m, -q + 8 = 4*q - m. Let v be ((-1)/q)/((-3)/(-108)). List the prime factors of (-68)/v + (-8)/(-36).
2
Suppose -186 - 6969 = -15*z. What are the prime factors of z?
3, 53
Let m(t) = 4*t**2 + 3. Let r(x) = -x**2 + 1. Let y(g) = m(g) - 4*r(g). Let q(n) = n**2 - 9*n + 9. Let v be q(8). List the prime factors of y(v).
7
Let p = -411 + 583. List the prime factors of p.
2, 43
Suppose i - 4*n = 8, 5*i = 4*n - 7 + 31. Suppose 11 = -5*w - i. List the prime factors of (3 + -1 - w) + -2.
3
What are the prime factors of (5 + (-1)/1)/((-37)/(-1739))?
2, 47
Let o be (12/15)/(2/95). Let m = 87 - o. Let s = -30 + m. List the prime factors of s.
19
Let r = 284 - 200. Suppose -8*u + 6*u = -r. List the prime factors of u.
2, 3, 7
What are the prime factors of (-3 - 8)/((-2)/124)?
2, 11, 31
Let j(k) = k**2 + 6*k + 4. Let p be j(-6). Let z be (p - (5 + 2)) + 92. Let o = z - 58. What are the prime factors of o?
31
Let r be 2/(-10) + (-260)/(-50). Suppose 3*j = r + 1. Suppose 0 = m - 4*t - 45, -j*t + 78 = 4*m - 192. List the prime factors of m.
5, 13
Suppose -36*w - 2*y = -39*w + 3871, -y = 4*w - 5176. List the prime factors of w.
3, 431
Suppose 0 = -20*j + 16*j + 4344. What are the prime factors of j?
2, 3, 181
Let p = -1524 - -2186. What are the prime factors of p?
2, 331
Suppose 5*u + 4*g = 9501, u - 3*g = 5*u - 7601. What are the prime factors of u?
1901
Suppose 3*l = -12 + 21, 3*l + 5056 = 5*k. What are the prime factors of k?
1013
Let c(g) = g**3 - 3*g + 2. Let k be 0 - (5 - 1)/(-2). Let u be c(k). Suppose 0 = 4*o + 4*b - 8, u*o = o + 3*b + 24. List the prime factors of o.
5
Let m(y) = -86*y - 206. List the prime factors of m(-27).
2, 23
Suppose 20*f = 24*f - 4. Let w(b) = 20*b - 2. What are the prime factors of w(f)?
2, 3
Let p(x) = x**2 - 26*x - 23. Let q be p(27). Suppose -q*b - 33 = -165. List the prime factors of b.
3, 11
Let j(v) = v**2 + 1. Let i be j(1). Let l = 89 - 51. Let p = i + l. List the prime factors of p.
2, 5
Let u(v) = 3*v**2 - 19*v - 41. Let d(b) = -4*b**2 + 20*b + 42. Let a(z) = -6*d(z) - 7*u(z). What are the prime factors of a(-11)?
3, 5, 17
Let m(a) be the first derivative of a**3/3 - 2*a**2 - 3*a - 5. List the prime factors of m(11).
2, 37
Let c = -16 + 22. Suppose 0 = -11*s + c*s. Suppose 5*d + s*d - 10 = 0. List the prime factors of d.
2
Let k(o) = 1555*o**3 - 4*o**2 + o + 1. List the prime factors of k(1).
1553
Let m(a) = -a**2 + 19*a - 43. List the prime factors of m(15).
17
Suppose -10542 = -16*s + 2402. What are the prime factors of s?
809
Let r = -1273 + 4487. What are the prime factors of r?
2, 1607
Suppose -4*m + 3 = 3. Suppose -230 = -m*a - 10*a. List the prime factors of a.
23
Let q = 4 + 166. What are the prime factors of q?
2, 5, 17
Let x = 231 - 85. List the prime factors of x.
2, 73
Suppose 0 = -s + 2*a - 0*a + 383, 0 = 4*a + 4. Suppose 9*z - s = 6*z. What are the prime factors of z?
127
Let r(n) = n + 13. Let f be r(-7). Suppose -3*b + 4*v = -13, b - 4*v + 3*v - f = 0. What are the prime factors of b?
11
Let i(h) = -466*h**3 - h**2. List the prime factors of i(-1).
3, 5, 31
Let r(q) = -11*q + 5. Let d(t) = 12*t - 5. Let w(k) = -4*d(k) - 5*r(k). Let f be w(2). Suppose -3*a + f = 0, 0 = -m - 5*a + 41 + 8. List the prime factors of m.
2, 17
Suppose y = -0 - 4. Let v be (3 - (-4)/y)*1. Suppose 5 = v*b - 9. List the prime factors of b.
7
Suppose -3*j = -6, -k + 4*k - 6 = 3*j. Suppose -k = -5*v + 131. What are the prime factors of v?
3
List the prime factors of 82/4*(15 + -6 + 3).
2, 3, 41
Suppose 5*n = 9 - 29, 0 = -w - 2*n - 218. Let y = -90 - w. List the prime factors of y.
2, 3, 5
What are the prime factors of (-1742)/3*((-26)/4 + 2)?
3, 13, 67
Let p(k) = -k - 9. Let u be p(-10). Let v be -4 - -1 - -5*u. Let q(m) = 2*m**2 + m - 1. List the prime factors of q(v).
3
List the prime factors of (-372680)/(-360) - 6/27.
3, 5, 23
Suppose 6*p - 701 = p + s, 2*p - s - 281 = 0. Suppose i - p = -i + 2*u, 2*i - 5*u = 131. List the prime factors of i.
73
Let r = -915 - -1551. List the prime factors of r.
2, 3, 53
Let y(s) = 2*s**3 - 9*s**2 + 14*s - 11. Let d = -30 - -35. What are the prime factors of y(d)?
2, 3, 7
Suppose 3*n + n - p = -33, n + 7 = -p. Let x(k) = -k**3 - 8*k**2 - 12*k + 5. List the prime factors of x(n).
101
Let t be ((-4)/8)/(2/408). Let w = t + 170. What are the prime factors of w?
2, 17
Let d be (3 + 0/(-3))*3. Let j(h) = h**3 + 3*h**2 + h. Let x be j(-2). Let r = d - x. List the prime factors of r.
7
Let c = 878 + -213. What are the prime factors of c?
5, 7, 19
Let r = -521 + 734. Let t = r - 121. What are the prime factors of t?
2, 23
Suppose -3*r = -2*r + 2*z - 739, 0 = -r - 5*z + 727. List the prime factors of r.
3, 83
Let l be (-6)/(-4) - (-1001)/14. Let v = l - 111. Let g = v + 71. List the prime factors of g.
3, 11
Suppose 0 = -14*a + 16*a - 852. List the prime factors of a.
2, 3, 71
Let w(h) = -15*h - 3. Suppose 2 = 6*p + 14. What are the prime factors of w(p)?
3
Let t = 371 - -660. What are the prime factors of t?
1031
Let z = -1590 + 3419. What are the prime factors of z?
31, 59
Let x = -51 - -138. Suppose -5*w + 43 = -x. List the prime factors of w.
2, 13
Suppose -3*l - l - 180 = 0. List the prime factors of (10*(-2)/6)/(3/l).
2, 5
Let d(r) = 142*r**2 + 2*r + 1. List the prime factors of d(2).
3, 191
Suppose 0 = 15*w - 9*w - 3378. List the prime factors of w.
563
Let a = 107 - 48. Let q = a - 44. What are the prime factors of q?
3, 5
Suppose 0 = 8*q - 7*q - 377. Suppose 4*r = -3*y + 295, q = 3*r + 2*r + y. What are the prime factors of r?
2, 19
Let n be 4 - (-1 + (-20)/(-4)). Suppose 0 = -n*c - 8*c + 712. List the prime factors of c.
89
Let o(h) = h**3 + 3*h**2 - 12*h - 4. What are the prime factors of o(6)?
2, 31
Let i = -54 + 143. What are the prime factors of i?
89
Let i be -3*(-898)/15*30. What are the prime factors of i/90 + 2/15?
2, 3, 5
Let s(j) = 4*j - 2. Let w be s(-1). Let q be -13 + 4/w*-6. Let y(k) = -5*k - 2. List the prime factors of y(q).
43
Let m(v) = -2*v**3 - 16*v*